{"id":509,"date":"2023-05-15T17:55:09","date_gmt":"2023-05-15T17:55:09","guid":{"rendered":"https:\/\/ampaelarmelar.org\/?page_id=509"},"modified":"2023-07-01T08:42:31","modified_gmt":"2023-07-01T08:42:31","slug":"aula-mediodia-junio-y-septiembre-2023","status":"publish","type":"page","link":"https:\/\/ampaelarmelar.org\/index.php\/aula-mediodia-junio-y-septiembre-2023\/","title":{"rendered":"Aula Mediod\u00eda Junio y Septiembre"},"content":{"rendered":"\n<p>Durante los meses de Junio y Septiembre vamos a ofrecer, como cada curso, la ampliaci\u00f3n del horario de mediod\u00eda tras el servicio de comedor en dos franjas horarias: de 14.30 a 15.30 y de 14.30 a 16.30h, pudi\u00e9ndose contratar este servicio durante todos los d\u00edas lectivos o d\u00edas puntuales adquiriendo el Bono-10 vespertina.<\/p>\n\n\n\n<ul class=\"wp-block-list\">\n<li><strong>D\u00edas de Junio:<\/strong>&nbsp;del 1 al 21 de junio.<\/li>\n\n\n\n<li><strong>D\u00edas de Septiembre:<\/strong>&nbsp;del 11 al 29 de septiembre.<\/li>\n<\/ul>\n\n\n\n<p><\/p>\n\n\n\n<p>Ser\u00e1 necesario contar con un&nbsp;n\u00famero m\u00ednimo de 10 alumnos\/as usuarios por agrupaci\u00f3n posible de manera continuada&nbsp;para poder abrir los diferentes grupos de edad, por lo que, una vez finalizado el periodo de inscripci\u00f3n, <strong>confirmaremos los grupos por email<\/strong>.<strong><mark style=\"background-color:rgba(0, 0, 0, 0);color:#a30009\" class=\"has-inline-color\"> <\/mark><mark style=\"background-color: rgba(0, 0, 0, 0);\" class=\"has-inline-color\"><font color=\"#fa0511\">La fecha de preinscripci\u00f3n a trav\u00e9s de <\/font><a rel=\"noreferrer noopener\" style=\"color: rgb(250, 5, 17);\" href=\"https:\/\/ampaelarmelar.ampasoft.net\/login_ampasoft\" data-type=\"URL\" data-id=\"https:\/\/ampaelarmelar.ampasoft.net\/login_ampasoft\" target=\"_blank\">AMPASoft<\/a><font color=\"#fa0511\"> finalizar\u00e1 el viernes 26 de mayo para el aula <span style=\"caret-color: rgb(250, 5, 17);\">mediod\u00eda<\/span> de junio y el jueves 22 de junio para el aula medidla de septiembre.<\/font><\/mark><\/strong><\/p>\n\n\n\n<p><\/p>\n\n\n\n<p>Las tarifas de la actividad ser\u00e1 la siguiente:<\/p>\n\n\n\n<ul class=\"wp-block-list\">\n<li><strong>AULA MEDIOD\u00cdA MES JUNIO<\/strong><\/li>\n<\/ul>\n\n\n\n<figure class=\"wp-block-table is-style-regular\"><table><tbody><tr><td class=\"has-text-align-left\" data-align=\"left\"><\/td><td class=\"has-text-align-center\" data-align=\"center\"><strong>FAMILIAS AMPA<\/strong><\/td><td class=\"has-text-align-center\" data-align=\"center\"><strong>FAMILIAS NO AMPA<\/strong><\/td><\/tr><tr><td class=\"has-text-align-left\" data-align=\"left\"><strong><strong>HORARIO DE 14.30 A 15.30 (1h)<\/strong><\/strong><\/td><td class=\"has-text-align-center\" data-align=\"center\">39 \u20ac\/mes<\/td><td class=\"has-text-align-center\" data-align=\"center\">49 \u20ac\/mes<\/td><\/tr><tr><td class=\"has-text-align-left\" data-align=\"left\"><strong><strong>HORARIO DE 14.30 A 16.30 (2h)<\/strong><\/strong><\/td><td class=\"has-text-align-center\" data-align=\"center\">67 \u20ac\/mes<\/td><td class=\"has-text-align-center\" data-align=\"center\">87 \u20ac\/mes<\/td><\/tr><tr><td class=\"has-text-align-left\" data-align=\"left\"><strong>BONO-10 VESPERTINA<\/strong><\/td><td class=\"has-text-align-center\" data-align=\"center\">36 \u20ac<\/td><td class=\"has-text-align-center\" data-align=\"center\">46 \u20ac<\/td><\/tr><\/tbody><\/table><\/figure>\n\n\n\n<ul class=\"wp-block-list\">\n<li><strong>AULA MEDIOD\u00cdA MES SEPTIEMBRE<\/strong><\/li>\n<\/ul>\n\n\n\n<figure class=\"wp-block-table is-style-regular\"><table><tbody><tr><td class=\"has-text-align-left\" data-align=\"left\"><\/td><td class=\"has-text-align-center\" data-align=\"center\"><strong>FAMILIAS AMPA<\/strong><\/td><td class=\"has-text-align-center\" data-align=\"center\"><strong>FAMILIAS NO AMPA<\/strong><\/td><\/tr><tr><td class=\"has-text-align-left\" data-align=\"left\"><strong><strong>HORARIO DE 14.30 A 15.30 (1h)<\/strong><\/strong><\/td><td class=\"has-text-align-center\" data-align=\"center\">39 \u20ac\/mes<\/td><td class=\"has-text-align-center\" data-align=\"center\">49 \u20ac\/mes<\/td><\/tr><tr><td class=\"has-text-align-left\" data-align=\"left\"><strong><strong>HORARIO DE 14.30 A 16.30 (2h)<\/strong><\/strong><\/td><td class=\"has-text-align-center\" data-align=\"center\">67 \u20ac\/mes<\/td><td class=\"has-text-align-center\" data-align=\"center\">87 \u20ac\/mes<\/td><\/tr><tr><td class=\"has-text-align-left\" data-align=\"left\"><strong>BONO-10 VESPERTINA<\/strong><\/td><td class=\"has-text-align-center\" data-align=\"center\">36 \u20ac<\/td><td class=\"has-text-align-center\" data-align=\"center\">46 \u20ac<\/td><\/tr><\/tbody><\/table><\/figure>\n\n\n\n<p><\/p>\n\n\n\n<p><\/p>\n\n\n\n<p><\/p>\n\n\n\n<blockquote class=\"wp-block-quote is-layout-flow wp-block-quote-is-layout-flow\">\n<p><strong><mark style=\"background-color:rgba(0, 0, 0, 0)\" class=\"has-inline-color has-red-color\">CONSIDERACIONES IMPORTANTES:<\/mark><\/strong><\/p>\n\n\n\n<p>\u00b7 El&nbsp;<strong>\u00abBono-10 vespertina\u00bb<\/strong>&nbsp;se debe adquirir antes del primer d\u00eda de asistencia e incluye un total de 10h que podr\u00e9is utilizar durante todo el curso en el servicio de aula mediod\u00eda t vespertina y podr\u00e1 ser compartido para diferentes miembros de una misma familia.&nbsp;<strong>La compra del Bono-10 debe hacerse mediante tarjeta de cr\u00e9dito o d\u00e9bito a trav\u00e9s de \u201dPagos TPV\u201d de AMPASoft<\/strong>. Una vez se consuma el saldo del Bono-10, existir\u00e1 la posibilidad de renovarlo de nuevo o no, accediendo de nuevo y adquiriendo un nuevo bono en AMPASoft.<\/p>\n\n\n\n<p>\u00b7 Aquellas familias que necesiten contratar el servicio durante menos de un mes&nbsp;<span style=\"text-decoration: underline;\">debido a custodias familiares o situaciones laborales<\/span>&nbsp;podr\u00e9is solicitar la adaptaci\u00f3n del servicio y la cuota correspondiente escribiendo un mail al AMPA exponiendo vuestra situaci\u00f3n familiar.<em>&nbsp;<\/em>En todas las modalidades se distingue precio para familias AMPA y NO AMPA.<\/p>\n\n\n\n<p>\u00b7 El recibo del Aula de Septiembre <mark style=\"background-color:rgba(0, 0, 0, 0)\" class=\"has-inline-color has-red-color\"><strong>se girar\u00e1 de 12 al 15 de septiembre<\/strong><\/mark> a la cuenta bancaria que ten\u00e9is asignada en AMPASoft. <em>En caso de devoluci\u00f3n de un recibo, se facturar\u00e1n&nbsp;<\/em><strong>6\u20ac por recibo en concepto de gastos de devoluci\u00f3n y recobro<\/strong>.<\/p>\n\n\n\n<p>\u00b7 <em>En caso de acudir a la actividad sin haber realizado la preinscripci\u00f3n de manera previa y haber recibido la correspondiente confirmaci\u00f3n por parte del AMPA a trav\u00e9s de AMPASoft,&nbsp;<strong>se facturar\u00e1 el d\u00eda o d\u00edas de asistencia con un incremento del 20%<\/strong>&nbsp;con el fin de poder organizar los grupos y espacios de manera eficiente<\/em><\/p>\n<\/blockquote>\n\n\n\n<p><\/p>\n\n\n\n<p><\/p>\n","protected":false},"excerpt":{"rendered":"<p>Durante los meses de Junio y Septiembre vamos a ofrecer, como cada curso, la ampliaci\u00f3n del horario de mediod\u00eda tras el servicio de comedor en dos franjas horarias: de 14.30 a 15.30 y de 14.30 a 16.30h, pudi\u00e9ndose contratar este <a href=\"https:\/\/ampaelarmelar.org\/index.php\/aula-mediodia-junio-y-septiembre-2023\/\" class=\"read-more\">Leer m\u00e1s&#8230;<\/a><\/p>\n","protected":false},"author":1,"featured_media":0,"parent":0,"menu_order":0,"comment_status":"closed","ping_status":"closed","template":"","meta":{"footnotes":""},"class_list":["post-509","page","type-page","status-publish","hentry"],"jetpack_sharing_enabled":true,"_links":{"self":[{"href":"https:\/\/ampaelarmelar.org\/index.php\/wp-json\/wp\/v2\/pages\/509","targetHints":{"allow":["GET"]}}],"collection":[{"href":"https:\/\/ampaelarmelar.org\/index.php\/wp-json\/wp\/v2\/pages"}],"about":[{"href":"https:\/\/ampaelarmelar.org\/index.php\/wp-json\/wp\/v2\/types\/page"}],"author":[{"embeddable":true,"href":"https:\/\/ampaelarmelar.org\/index.php\/wp-json\/wp\/v2\/users\/1"}],"replies":[{"embeddable":true,"href":"https:\/\/ampaelarmelar.org\/index.php\/wp-json\/wp\/v2\/comments?post=509"}],"version-history":[{"count":3,"href":"https:\/\/ampaelarmelar.org\/index.php\/wp-json\/wp\/v2\/pages\/509\/revisions"}],"predecessor-version":[{"id":533,"href":"https:\/\/ampaelarmelar.org\/index.php\/wp-json\/wp\/v2\/pages\/509\/revisions\/533"}],"wp:attachment":[{"href":"https:\/\/ampaelarmelar.org\/index.php\/wp-json\/wp\/v2\/media?parent=509"}],"curies":[{"name":"wp","href":"https:\/\/api.w.org\/{rel}","templated":true}]}}