{"id":2,"date":"2019-07-24T16:31:25","date_gmt":"2019-07-24T16:31:25","guid":{"rendered":"https:\/\/ampaelarmelar.org\/?page_id=2"},"modified":"2023-11-02T14:24:00","modified_gmt":"2023-11-02T14:24:00","slug":"sample-page","status":"publish","type":"page","link":"https:\/\/ampaelarmelar.org\/index.php\/sample-page\/","title":{"rendered":"Juntos hacemos colegio"},"content":{"rendered":"\n<figure class=\"wp-block-image\"><img loading=\"lazy\" decoding=\"async\" width=\"1024\" height=\"683\" src=\"https:\/\/ampaelarmelar.org\/wp-content\/uploads\/2019\/07\/Familia_letrero-1024x683.jpg\" alt=\"Juntos hacemos colegio\" class=\"wp-image-148\" srcset=\"https:\/\/ampaelarmelar.org\/wp-content\/uploads\/2019\/07\/Familia_letrero-1024x683.jpg 1024w, https:\/\/ampaelarmelar.org\/wp-content\/uploads\/2019\/07\/Familia_letrero-300x200.jpg 300w, https:\/\/ampaelarmelar.org\/wp-content\/uploads\/2019\/07\/Familia_letrero-768x512.jpg 768w, https:\/\/ampaelarmelar.org\/wp-content\/uploads\/2019\/07\/Familia_letrero-360x240.jpg 360w, https:\/\/ampaelarmelar.org\/wp-content\/uploads\/2019\/07\/Familia_letrero.jpg 1728w\" sizes=\"auto, (max-width: 1024px) 100vw, 1024px\" \/><\/figure>\n\n\n\n<p class=\"Justify\">El AMPA El Armelar es una asociaci\u00f3n sin \u00e1nimo de lucro cuyo objetivo principal es <strong>velar por los intereses y el bienestar&nbsp;de nuestros hijos\/as en el colegio<\/strong>, para lo que organizamos diferentes servicios y actividades que os detallamos a continuaci\u00f3n por si son de vuestro inter\u00e9s:<\/p>\n\n\n\n<blockquote class=\"wp-block-quote is-layout-flow wp-block-quote-is-layout-flow\">\n<p>\u00b7\u00a0\u00a0\u00a0\u00a0\u00a0\u00a0\u00a0\u00a0\u00a0Actividades deportivas\u00a0<br>\u00b7\u00a0\u00a0\u00a0\u00a0\u00a0\u00a0\u00a0\u00a0\u00a0Escuela de Padres\u00a0<br>\u00b7\u00a0\u00a0\u00a0\u00a0\u00a0\u00a0\u00a0\u00a0\u00a0Orla 2\u00ba BACHILLER<br>\u00b7\u00a0\u00a0\u00a0\u00a0\u00a0\u00a0\u00a0\u00a0\u00a0Profesor nativo de apoyo de ingl\u00e9s<br>\u00b7\u00a0\u00a0\u00a0\u00a0\u00a0\u00a0\u00a0\u00a0\u00a0Fiesta Navidad Infantil<br>\u00b7\u00a0\u00a0\u00a0\u00a0\u00a0\u00a0\u00a0\u00a0\u00a0D\u00eda de la familia (\u00faltimo s\u00e1bado de mayo)<br>\u00b7\u00a0\u00a0\u00a0\u00a0\u00a0\u00a0\u00a0\u00a0\u00a0D\u00eda de la falla del colegio (marzo)<br>\u00b7\u00a0\u00a0\u00a0\u00a0\u00a0\u00a0\u00a0\u00a0\u00a0Escuela de Verano<br>\u00b7\u00a0\u00a0\u00a0\u00a0\u00a0\u00a0\u00a0\u00a0\u00a0Venta libros de texto<br>\u00b7\u00a0\u00a0\u00a0\u00a0\u00a0\u00a0\u00a0\u00a0\u00a0Altas capacidades<br>\u00b7\u00a0\u00a0\u00a0\u00a0\u00a0\u00a0\u00a0\u00a0\u00a0Lego League<br>\u00b7\u00a0\u00a0\u00a0\u00a0\u00a0\u00a0\u00a0\u00a0\u00a0Ayudas econ\u00f3micas familiares<\/p>\n<\/blockquote>\n\n\n\n<p>En todas estas actividades las familias que somos socias del AMPA contamos con descuentos especiales, as\u00ed como en la compra de libros correspondiente al curso siguiente al alta como socios.<\/p>\n\n\n\n<p>Igualmente, desde el AMPA realizamos mejoras en el colegio y en su equipamiento como son:<\/p>\n\n\n\n<blockquote class=\"wp-block-quote is-layout-flow wp-block-quote-is-layout-flow\">\n<p>\u00b7&nbsp;&nbsp;&nbsp;&nbsp;&nbsp;&nbsp;&nbsp;&nbsp;&nbsp;Acondicionamiento de las pistas deportivas<br>\u00b7&nbsp;&nbsp;&nbsp;&nbsp;&nbsp;&nbsp;&nbsp;&nbsp;&nbsp;Acondicionamiento de la zona de c\u00e9sped de infantil<br>\u00b7&nbsp;&nbsp;&nbsp;&nbsp;&nbsp;&nbsp;&nbsp;&nbsp;&nbsp;Parque de infantil (3, 4 y 5 a\u00f1os)<br>\u00b7&nbsp;&nbsp;&nbsp;&nbsp;&nbsp;&nbsp;&nbsp;&nbsp;&nbsp;Taquillas<br>\u00b7&nbsp;&nbsp;&nbsp;&nbsp;&nbsp;&nbsp;&nbsp;&nbsp;&nbsp;Sal\u00f3n centenario<br>\u00b7&nbsp;&nbsp;&nbsp;&nbsp;&nbsp;&nbsp;&nbsp;&nbsp;&nbsp;Ordenadores en las aulas<br>\u00b7&nbsp;&nbsp;&nbsp;&nbsp;&nbsp;&nbsp;&nbsp;&nbsp;&nbsp;Calefacci\u00f3n aulas <br>\u00b7&nbsp;&nbsp;&nbsp;&nbsp;&nbsp;&nbsp;&nbsp;&nbsp;&nbsp;Mejoras en instalaciones deportivas <\/p>\n<\/blockquote>\n\n\n\n<p><\/p>\n\n\n\n<p>Bienvenidos a nuestra gran familia y quedamos a vuestra disposici\u00f3n a trav\u00e9s de nuestro mail para cualquier duda,&nbsp;cuesti\u00f3n o sugerencia que os pueda surgir.<\/p>\n\n\n\n<p>Y recordad que JUNTOS HACEMOS COLEGIO.<\/p>\n\n\n\n<p><\/p>\n\n\n\n<p><\/p>\n\n\n\n<p class=\"has-text-align-right has-luminous-vivid-orange-color has-text-color\"><strong><a href=\"https:\/\/ampaelarmelar.org\/index.php\/junta-del-ampa\/\" target=\"_blank\" rel=\"noreferrer noopener\">&gt; Junta directiva actual AMPA El Armelar<\/a><\/strong><\/p>\n\n\n\n<p class=\"has-text-align-right has-luminous-vivid-orange-color has-text-color\"><strong><a rel=\"noreferrer noopener\" href=\"https:\/\/ampaelarmelar.org\/wp-content\/uploads\/2020\/10\/AMPA_EL_ARMELAR_Estatutos.pdf\" target=\"_blank\">&gt;<\/a><a href=\"https:\/\/ampaelarmelar.org\/wp-content\/uploads\/2020\/10\/AMPA_EL_ARMELAR_Estatutos.pdf\" target=\"_blank\" rel=\"noreferrer noopener\"> <\/a><a rel=\"noreferrer noopener\" href=\"https:\/\/ampaelarmelar.org\/wp-content\/uploads\/2020\/10\/AMPA_EL_ARMELAR_Estatutos.pdf\" target=\"_blank\">Estatutos AMPA Colegio El Armelar<\/a><\/strong><\/p>\n","protected":false},"excerpt":{"rendered":"<p>El AMPA El Armelar es una asociaci\u00f3n sin \u00e1nimo de lucro cuyo objetivo principal es velar por los intereses y el bienestar&nbsp;de nuestros hijos\/as en el colegio, para lo que organizamos diferentes servicios y actividades que os detallamos a continuaci\u00f3n <a href=\"https:\/\/ampaelarmelar.org\/index.php\/sample-page\/\" class=\"read-more\">Leer m\u00e1s&#8230;<\/a><\/p>\n","protected":false},"author":1,"featured_media":148,"parent":0,"menu_order":0,"comment_status":"closed","ping_status":"closed","template":"","meta":{"footnotes":""},"class_list":["post-2","page","type-page","status-publish","has-post-thumbnail","hentry"],"jetpack_sharing_enabled":true,"_links":{"self":[{"href":"https:\/\/ampaelarmelar.org\/index.php\/wp-json\/wp\/v2\/pages\/2","targetHints":{"allow":["GET"]}}],"collection":[{"href":"https:\/\/ampaelarmelar.org\/index.php\/wp-json\/wp\/v2\/pages"}],"about":[{"href":"https:\/\/ampaelarmelar.org\/index.php\/wp-json\/wp\/v2\/types\/page"}],"author":[{"embeddable":true,"href":"https:\/\/ampaelarmelar.org\/index.php\/wp-json\/wp\/v2\/users\/1"}],"replies":[{"embeddable":true,"href":"https:\/\/ampaelarmelar.org\/index.php\/wp-json\/wp\/v2\/comments?post=2"}],"version-history":[{"count":18,"href":"https:\/\/ampaelarmelar.org\/index.php\/wp-json\/wp\/v2\/pages\/2\/revisions"}],"predecessor-version":[{"id":572,"href":"https:\/\/ampaelarmelar.org\/index.php\/wp-json\/wp\/v2\/pages\/2\/revisions\/572"}],"wp:featuredmedia":[{"embeddable":true,"href":"https:\/\/ampaelarmelar.org\/index.php\/wp-json\/wp\/v2\/media\/148"}],"wp:attachment":[{"href":"https:\/\/ampaelarmelar.org\/index.php\/wp-json\/wp\/v2\/media?parent=2"}],"curies":[{"name":"wp","href":"https:\/\/api.w.org\/{rel}","templated":true}]}}